o). Calculate g(-4).
-3
Let x(j) = 4*j - 1. Let m be x(-2). Let c(s) = 2*s + 13. Let t be c(m). Let d(i) = -i**2 - 7*i - 1. What is d(t)?
9
Let t(v) = 2*v**3 - 10*v**2 + 6*v - 12. Let y(k) = k**3 - 5*k**2 + 3*k - 6. Let z(i) = -6*t(i) + 11*y(i). Give z(5).
-9
Suppose 0 = q - 5*q + g + 7, 3*g = 3. Let p(x) = 0 + 2*x + q - x + 2. Suppose -5*t = 3*z - 40, 5 = 4*z - 3*t - 0*t. Determine p(z).
9
Let u(v) = -v**2 + 10*v - 12. Let c be u(7). Let d(o) = o**2 - 9*o + 4. Determine d(c).
4
Suppose 4*d - 12 = -w, -13 = -3*w - 3*d - 4. Let c(p) be the third derivative of 1/12*p**4 + 0*p + w*p**3 + 0 - p**2. What is c(4)?
8
Suppose -3 = 3*f + m - 7, -5*f + 14 = -2*m. Let u(y) be the second derivative of -3*y + 0 + 1/2*y**2 - 1/6*y**4 - 1/3*y**3. Give u(f).
-11
Let a(d) = -1 - 8*d + 4*d + 2*d + d. Calculate a(-5).
4
Let a(d) = -2*d**2. Suppose -5*c + 3*c = -4. Let h(m) = m**3 + 14*m**2 + m + 14. Let p be h(-14). Suppose q - c = -p. Give a(q).
-8
Suppose -5*c + 23 = 2*x, 2*x + 6*c - 20 = 2*c. Let j = 8 - x. Suppose p - 1 + j = 0. Let a(k) = -k - 5. Give a(p).
-2
Let y(w) = -w + 5. Let b be y(5). Let j(n) be the first derivative of n**4/24 + n**3/6 - n**2/2 + 1. Let l(v) be the second derivative of j(v). Give l(b).
1
Let b(t) = -t**2 + t + 1. Let r be b(-3). Let m = r + 12. Let i(g) = -g**3 - g**2 + 2*g - 1. Calculate i(m).
-1
Let d(b) be the third derivative of -1/8*b**4 + 5/6*b**3 + 0*b + 6*b**2 + 0. Calculate d(5).
-10
Suppose 5*d + 2*j + 78 = 0, 4*d - 3*j = j - 40. Let o be (7/d)/((-2)/(-16)). Let n(y) = -y**2 - 7*y - 5. Give n(o).
7
Let h(r) be the second derivative of r**4/12 - r**3/2 + r**2/2 + 2*r. Suppose -2 + 4 = -m. Let p be 3/((2/(-1))/m). Determine h(p).
1
Let o(q) be the first derivative of -q**3/3 - 2*q**2 - 3*q + 1. Give o(-3).
0
Let o(u) be the second derivative of 1/2*u**2 + 1/3*u**3 + 0 - 3*u + 2/3*u**4. Suppose -24 = 3*q + q - 5*h, 0 = 5*q + 5*h - 15. Determine o(q).
7
Let v(s) be the first derivative of -4*s**3/3 + s**2 - s - 4. Let a be 24/15 - (-9)/(-15). Determine v(a).
-3
Suppose 6 = -2*h - 0*h. Let z(y) = -y**2 + 1. Let r(c) = 5*c**2 - c - 1. Let k(t) = r(t) + 4*z(t). Determine k(h).
15
Suppose -5 = -0*z - z. Suppose -2*i - 2 = z*s - 22, -i = -s + 11. Let h(n) = n - 4. Determine h(s).
2
Let r(s) = -s**3 + 5*s**2 - 5*s + 6. Let p be r(4). Let b(q) = -10*q - 8 - 2*q**p + 2*q + q**2. Determine b(-6).
4
Let b(r) = -3*r**3 + 3*r**2 - 7*r - 1. Let i(n) = -2*n**3 + 2*n**2 - 6*n - 1. Let p(l) = -3*b(l) + 4*i(l). Suppose 0 = 2*t + 10 - 16. Give p(t).
8
Let n(g) = -g**3 - g**2. Let r be (2/3)/(-2)*6. Let d be ((-1)/r)/((-1)/(-2)). Determine n(d).
-2
Let u = 0 - -2. Let l(y) = 2*y**2 + 3*y**3 - 4*y**3 - 2*y**u + 2. What is l(0)?
2
Let c(r) = -5 + 14*r - 5*r - 12*r + 0. Determine c(-8).
19
Let k(z) = 1 + 3*z - 3*z**2 - 9*z + 0 + 7*z. Let c(s) = -s + 4. Let t be c(6). Calculate k(t).
-13
Let l(o) be the second derivative of -1/12*o**4 + 0 + 1/6*o**3 - 1/2*o**2 + 3*o. Give l(3).
-7
Let b(k) = k. Let p be 0 - ((-4)/(-2) - 4). Suppose -p*c + 8 + 2 = 0. Give b(c).
5
Let a(q) = 2*q + 7 - q**2 + 0 - 6*q. Let u be a(-6). Let s(d) = 5*d + 2*d - d - d**3 + 3 + 0*d**3 - 4*d**2. Determine s(u).
-2
Let k(c) be the first derivative of -c**2/2 + 4*c - 29. Let p = 6 + -10. Give k(p).
8
Suppose 8*s - 45 = 3*s. Suppose -2*f + 10 = -0*p - 5*p, 3*p + 6 = -2*f. Suppose f = -4*x - 12, -n - 4*x = 4 + s. Let k(i) = 3*i**2 - i. What is k(n)?
4
Let g(k) = -k**3 + 4*k**2 + 7*k - 3. Let d(a) = -a**2 - a. Let v(c) = c - 1. Let m be v(0). Let y(u) = m*g(u) - 2*d(u). What is y(3)?
-3
Let n(h) = 3*h**3 + h**2 - h + 1. Let l(g) = -g**3 - g**2 - 2*g + 1. Let z be l(0). Give n(z).
4
Let t(y) = y**3 - 7*y**2 + 4*y + 5. Let n = -45 - -51. Give t(n).
-7
Let m(k) = -k**3 - 6*k**2 + 6*k - 3. Let i be m(-7). Let y be 0 - ((-16)/4 + 1). Let v(n) = -2*n**3 - 2 + 7*n**2 + n**3 - 2*n**2 - 4*n - y. Calculate v(i).
-5
Suppose -d - 5 = -3. Let z(t) = -2*t**2 - 2*t - 2. Give z(d).
-6
Suppose -4*y - 1 = -13. Let h(j) = -j**3 + 3*j**2 + 4*j - 4. Calculate h(y).
8
Let k(c) = c**2 - 5*c - 7. Let m(b) = -b**3 + 3*b**2 + 2*b. Let f be m(3). Determine k(f).
-1
Let o be (-4 - -7)*10/(-6). Let d(f) = -f**3 - 6*f**2 - 5*f + 5. What is d(o)?
5
Let t(x) = -5*x + 1. Let f(l) = 9*l - 2. Let j(r) = 4*f(r) + 7*t(r). Let s(b) = b**3 - 4*b**2 - 14*b + 8. Let y be s(6). Give j(y).
-5
Let l(c) be the first derivative of 1/2*c**2 + 1 + 0*c + 8/3*c**3. Let f = 1 + -2. Give l(f).
7
Suppose 0 = -4*j - j. Suppose -4*t = -5*l + 7, t - 17 = -j*t - 5*l. Let n(k) = 0*k**2 + k + k**t - 5*k. Determine n(3).
-3
Let j(z) = 3*z**2 + 3*z + 5. Let r(k) = k. Let l(h) = -j(h) + 3*r(h). Let b(w) = -w**2 - 2. Let n(g) = 11*b(g) - 4*l(g). What is n(0)?
-2
Let y = 17/45 + -2/45. Let m(s) be the third derivative of 0*s + 0 - 4*s**2 - 1/30*s**5 + y*s**4 - 1/2*s**3. What is m(5)?
-13
Let j(v) be the second derivative of -v**6/120 + v**5/20 + v**4/8 - v**3/3 + v**2 - 3*v. Let w(y) be the first derivative of j(y). What is w(3)?
7
Let d(f) = 3*f + 1. Let l be (-10)/6 + (-2)/6. Calculate d(l).
-5
Let c(v) = -5*v**3 - v**2 - 6. Let r(u) be the first derivative of 3*u**4/2 + u**3/3 + 7*u + 3. Let a(n) = -7*c(n) - 6*r(n). What is a(2)?
-4
Let c(s) = 1. Let y(v) = 3*v + 7. Let x(t) = -5*c(t) + y(t). Determine x(3).
11
Let i(d) = -10 + 2*d**3 - 3*d**3 + 5*d**2 + 6. Suppose -13 - 12 = -5*k. Determine i(k).
-4
Let q(d) = -14*d + 9. Let m(o) = 5*o - 3. Let w(f) = 8*m(f) + 3*q(f). Give w(4).
-5
Let d(k) = k**2 - 4*k - 3. Suppose 4*i - 7 - 9 = 0. Give d(i).
-3
Let s be ((-8)/2)/((-4)/2). Suppose 4*y + s = 2*y. Let l(k) = 7*k**2 + k + 1. Calculate l(y).
7
Let a(i) = -3*i + 1. Let g be a(-1). Let o(m) = -2*m**3 + 5*m**3 - g*m**3 - 2*m**2 + 2*m - 4*m - 3. Calculate o(-2).
1
Let j = 28 + 1. Let s(o) = 30*o**2 + 4*o - j*o**2 + 9 - 4*o. Calculate s(0).
9
Let x(f) = f - 3. Let l(k) = -4. Let u(p) = 4*l(p) - 5*x(p). What is u(-1)?
4
Let b(m) = -7*m + 5. Let k(p) = 6*p - 4. Let z(s) = -5*b(s) - 6*k(s). Let a(j) = 4*j**2 - 9*j - 3. Let u(t) = -a(t) + 5*z(t). Determine u(2).
-10
Let z(g) = -3*g + 2. Let a be z(2). Let s(c) = c**2 + c - 1. Let x(d) = -5*d**2 + 7. Let v(u) = 6*s(u) + x(u). Give v(a).
-7
Let r(v) = 4*v**3 - v**2 - 5*v - 2. Let i(p) = 9*p**3 - p**2 - 10*p - 4. Let n(k) = -3*i(k) + 7*r(k). Let b be 2*(-2 + (-27)/(-6)). Determine n(b).
-2
Let y(d) = d**2 + d. Let c(t) = 4*t**2 + 2*t - 3. Let i(h) = -c(h) + 3*y(h). Let x be (-5)/5 + 6/3. Suppose -x = 2*p - 2*w - 5, -5*p = -3*w - 6. What is i(p)?
3
Let m be 0*((-3)/6 - -1). Let s(i) = -3 + 2*i + 10 + m*i**2 - 6 + 6*i**2. Give s(-1).
5
Let l(w) = -w**2 - w - 1. Let f be l(0). Let m = f + 3. Suppose -2*o = 3*n + 18, 0 = -2*n - m*n - 8. Let h(a) = a**2 + 5*a - 3. Calculate h(o).
3
Let g(c) be the first derivative of -c**3/3 - 3*c**2 - 4. Calculate g(-5).
5
Let t be ((-10)/6)/((-5)/15). Let n(h) = 7*h**3 + 1 + 3*h - t*h + h**2 + 4*h. What is n(-1)?
-7
Let p(x) be the second derivative of x**5/20 + x**4/4 + 2*x**3/3 - 16*x. Determine p(-4).
-32
Let y(n) = 4*n - 2. Let a(d) = d**2 - d - 1. Suppose 2*s + 0*s = 2. Let j(p) = s*a(p) - y(p). Suppose 4*r = 7 + 9. Give j(r).
-3
Let m(w) = -w + 2 + 1 - 2. Suppose 0 = -7*q + 3*q + 3*f - 15, -5*q - 4*f + 20 = 0. Determine m(q).
1
Let k = -6 + 13. Let g be -2 - (k - -1*2). Let y = g - -8. Let u(j) = j**2 + 5*j + 4. Give u(y).
-2
Let v be (-8 - -6) + 2 + -2 + -1. Let a(o) = -o. What is a(v)?
3
Let u be 2/(-8)*(3 + -23). Let g(d) = 2*d**2 - 6*d + 5. Let w(r) = 5*r + 2*r**2 + 2*r**2 - 5*r**2 - 4. Let t(l) = u*g(l) + 6*w(l). Determine t(-1).
5
Let c(u) = 7*u**2 - 3*u - 3. Let s(r) = 13*r**2 - 7*r - 6. Let a(y) = 11*c(y) - 6*s(y). What is a(9)?
3
Let j(w) = -2*w**3 - 4*w**2 - 2*w + 2. Suppose 4*c + 7*d - 13 = 2*d, 0 = -4*d + 4. Suppose -6*s = -c*s. Let q be -1 - -1 - 2 - s. Calculate j(q).
6
Let h(z) = z**3 + 5*z**2 - 5*z + 4. Let w be (14 - 0)/(-4 - -2). Let x = -8 - w. Let d(k) = -6*k**2. Let s be d(x). What is h(s)?
-2
Let h(u) = -u**3 - 7*u**2 - 6*u + 8. Let y be -6*((-9)/(-54) + 10/12). Calculate h(y).
8
Let b(g) = 0*g + g - 5*g + g. Determine b(1).
-3
Let y(h) = h - 1. Let j(r) = -r + 1. Let u(t) = -5*t. Let o(f) = -2*j(f) - u(f). Let n be 2*(2 - (-5)/(-2)). Let z(q) = n*o(q) + 3*y(q). Calculate z(-1).
3
Let x(u) = -u. Let t(q) = q + 1. Let a(o) = -3*t(o) - 4*x(o)